e the remainder when 209 is divided by 43.
37
What is the remainder when 1561 is divided by 389?
5
Calculate the remainder when 133 is divided by 3.
1
What is the remainder when 31 is divided by 23?
8
Calculate the remainder when 5424 is divided by 3.
0
Calculate the remainder when 377 is divided by 119.
20
Calculate the remainder when 6017 is divided by 17.
16
Calculate the remainder when 719 is divided by 357.
5
What is the remainder when 169 is divided by 57?
55
Calculate the remainder when 289 is divided by 106.
77
What is the remainder when 3021 is divided by 55?
51
Calculate the remainder when 1088 is divided by 121.
120
What is the remainder when 1162 is divided by 46?
12
Calculate the remainder when 45 is divided by 23.
22
Calculate the remainder when 888 is divided by 187.
140
What is the remainder when 1705 is divided by 51?
22
Calculate the remainder when 619 is divided by 180.
79
Calculate the remainder when 759 is divided by 19.
18
Calculate the remainder when 151 is divided by 37.
3
What is the remainder when 86 is divided by 10?
6
Calculate the remainder when 410 is divided by 202.
6
Calculate the remainder when 325 is divided by 4.
1
What is the remainder when 335 is divided by 12?
11
Calculate the remainder when 126 is divided by 44.
38
What is the remainder when 36 is divided by 26?
10
What is the remainder when 235 is divided by 66?
37
What is the remainder when 205 is divided by 35?
30
Calculate the remainder when 174 is divided by 45.
39
Calculate the remainder when 325 is divided by 286.
39
Calculate the remainder when 499 is divided by 211.
77
What is the remainder when 132 is divided by 40?
12
What is the remainder when 554 is divided by 62?
58
Calculate the remainder when 5597 is divided by 52.
33
Calculate the remainder when 69 is divided by 6.
3
What is the remainder when 2071 is divided by 413?
6
What is the remainder when 21 is divided by 21?
0
What is the remainder when 96 is divided by 61?
35
Calculate the remainder when 62 is divided by 13.
10
Calculate the remainder when 502 is divided by 71.
5
Calculate the remainder when 587 is divided by 98.
97
What is the remainder when 68 is divided by 41?
27
What is the remainder when 1107 is divided by 279?
270
What is the remainder when 1076 is divided by 47?
42
What is the remainder when 27 is divided by 17?
10
What is the remainder when 3809 is divided by 17?
1
What is the remainder when 281 is divided by 59?
45
What is the remainder when 210 is divided by 89?
32
What is the remainder when 265 is divided by 19?
18
Calculate the remainder when 239 is divided by 22.
19
Calculate the remainder when 3309 is divided by 7.
5
Calculate the remainder when 275 is divided by 96.
83
What is the remainder when 909 is divided by 35?
34
What is the remainder when 3809 is divided by 380?
9
What is the remainder when 66 is divided by 22?
0
What is the remainder when 463 is divided by 92?
3
Calculate the remainder when 628 is divided by 112.
68
Calculate the remainder when 55 is divided by 30.
25
Calculate the remainder when 2106 is divided by 57.
54
What is the remainder when 171 is divided by 30?
21
What is the remainder when 195 is divided by 41?
31
What is the remainder when 38 is divided by 25?
13
What is the remainder when 8530 is divided by 19?
18
Calculate the remainder when 294 is divided by 69.
18
Calculate the remainder when 1597 is divided by 17.
16
Calculate the remainder when 80288 is divided by 14.
12
Calculate the remainder when 502 is divided by 104.
86
What is the remainder when 222 is divided by 15?
12
Calculate the remainder when 2662 is divided by 3.
1
What is the remainder when 281 is divided by 47?
46
Calculate the remainder when 1239 is divided by 78.
69
Calculate the remainder when 11839 is divided by 31.
28
Calculate the remainder when 165 is divided by 42.
39
Calculate the remainder when 5168 is divided by 1292.
0
Calculate the remainder when 705 is divided by 132.
45
Calculate the remainder when 446 is divided by 28.
26
What is the remainder when 1161 is divided by 1128?
33
Calculate the remainder when 851 is divided by 86.
77
What is the remainder when 438 is divided by 81?
33
What is the remainder when 669 is divided by 182?
123
What is the remainder when 78 is divided by 5?
3
Calculate the remainder when 83 is divided by 30.
23
Calculate the remainder when 1704 is divided by 31.
30
What is the remainder when 162 is divided by 63?
36
What is the remainder when 451 is divided by 63?
10
Calculate the remainder when 767 is divided by 55.
52
What is the remainder when 260 is divided by 66?
62
What is the remainder when 20285 is divided by 8?
5
Calculate the remainder when 347 is divided by 87.
86
Calculate the remainder when 183 is divided by 31.
28
What is the remainder when 176 is divided by 47?
35
Calculate the remainder when 433 is divided by 14.
13
What is the remainder when 861 is divided by 38?
25
Calculate the remainder when 2796 is divided by 140.
136
What is the remainder when 190 is divided by 97?
93
Calculate the remainder when 638 is divided by 107.
103
Calculate the remainder when 109 is divided by 39.
31
Calculate the remainder when 1854 is divided by 328.
214
Calculate the remainder when 1232 is divided by 46.
36
What is the remainder when 1049 is divided by 70?
69
What is the remainder when 4104 is divided by 111?
108
What is the remainder when 5725 is divided by 15?
10
Calculate the remainder when 1947 is divided by 15.
12
What is the remainder when 604 is divided by 197?
13
What is the remainder when 633 is divided by 13?
9
Calculate the remainder when 268 is divided by 46.
38
Calculate the remainder when 325 is divided by 4.
1
What is the remainder when 544 is divided by 198?
148
Calculate the remainder when 93 is divided by 44.
5
What is the remainder when 2874 is divided by 71?
34
Calculate the remainder when 990 is divided by 166.
160
What is the remainder when 731 is divided by 177?
23
Calculate the remainder when 229 is divided by 58.
55
Calculate the remainder when 1949 is divided by 401.
345
Calculate the remainder when 215 is divided by 37.
30
What is the remainder when 6009 is divided by 317?
303
Calculate the remainder when 699 is divided by 68.
19
What is the remainder when 266 is divided by 68?
62
Calculate the remainder when 16787 is divided by 115.
112
Calculate the remainder when 511 is divided by 5.
1
Calculate the remainder when 325 is divided by 18.
1
What is the remainder when 5776 is divided by 54?
52
What is the remainder when 48284 is divided by 111?
110
What is the remainder when 1854 is divided by 8?
6
Calculate the remainder when 861 is divided by 18.
15
What is the remainder when 690 is divided by 555?
135
Calculate the remainder when 407 is divided by 147.
113
What is the remainder when 1910 is divided by 8?
6
What is the remainder when 409 is divided by 69?
64
What is the remainder when 871 is divided by 73?
68
What is the remainder when 73 is divided by 24?
1
What is the remainder when 2136 is divided by 102?
96
What is the remainder when 170 is divided by 50?
20
What is the remainder when 470 is divided by 11?
8
Calculate the remainder when 163 is divided by 60.
43
Calculate the remainder when 1033 is divided by 15.
13
What is the remainder when 130 is divided by 36?
22
What is the remainder when 229 is divided by 11?
9
Calculate the remainder when 410 is divided by 14.
4
Calculate the remainder when 1970 is divided by 653.
11
Calculate the remainder when 225 is divided by 76.
73
Calculate the remainder when 206 is divided by 112.
94
Calculate the remainder when 1072 is divided by 43.
40
Calculate the remainder when 1795 is divided by 61.
26
Calculate the remainder when 299 is divided by 2.
1
What is the remainder when 474 is divided by 225?
24
What is the remainder when 1450 is divided by 4?
2
What is the remainder when 280 is divided by 91?
7
Calculate the remainder when 3338 is divided by 278.
2
Calculate the remainder when 328 is divided by 83.
79
Calculate the remainder when 1098 is divided by 92.
86
Calculate the remainder when 116 is divided by 33.
17
Calculate the remainder when 2504 is divided by 833.
5
What is the remainder when 150 is divided by 76?
74
Calculate the remainder when 698 is divide